h(x) = -410*x + 54138. What is h(132)?
18
Let s(v) = -v**3 - 11*v**2 - 15*v + 29. Determine s(-9).
2
Let d(u) = 5*u**3 - 21*u**2 - 23*u - 13. Calculate d(-4).
-577
Let d(p) = -430*p - 36138. Give d(-84).
-18
Let a(j) = 6*j**2 + 55*j - 292. Give a(4).
24
Let s(y) = -7*y**2 - 60*y - 123. Give s(-13).
-526
Let w(j) = j + 254. Calculate w(-8).
246
Let a(p) = -507*p + 19771. What is a(39)?
-2
Let f(p) = -p**3 - 6*p**2 + 59*p - 16. Determine f(5).
4
Let r(t) = 8*t**3 + 504*t**2 - 11*t - 699. Determine r(-63).
-6
Let j(u) = -u**3 + 22*u**2 + 77*u - 42. Determine j(25).
8
Let q(m) = -261*m + 1782. Calculate q(6).
216
Let x(a) = -3*a**2 - 52*a - 273. Determine x(-5).
-88
Let x(b) = 86*b - 673. Determine x(8).
15
Let m(z) = -6*z**3 - 19*z**2 + 18*z + 68. Determine m(-3).
5
Let c(a) = -2*a + 172. Determine c(-30).
232
Let g(o) = -o**3 - 48*o**2 + 100*o - 5. Calculate g(-50).
-5
Let o(i) = -i**3 - 19*i**2 - 53*i - 11. Give o(-3).
4
Let c(i) = i**2 + 23*i - 433. Calculate c(12).
-13
Let v(s) = -s**3 - 255*s**2 + 2105*s + 280. Determine v(-263).
17
Let y(i) = -i**2 + 40*i + 266. Determine y(-6).
-10
Let t(s) = 2*s**2 + 130*s + 1846. Determine t(-44).
-2
Let l(i) = -3*i**2 + 103*i - 111. What is l(33)?
21
Let n(u) = 6*u**2 + 19*u - 11. Give n(-4).
9
Let x(z) = z**3 - 19*z**2 - 101*z + 91. Determine x(23).
-116
Let m(g) = g**2 - 26*g + 2. Determine m(23).
-67
Let f(r) = -r**2 - 218*r - 8619. Determine f(-166).
13
Let t(o) = 77*o + 670. Calculate t(-9).
-23
Let r(d) = d**3 - 16*d**2 - 11*d + 34. What is r(17)?
136
Let p(f) = -f**2 - 47*f + 133. Give p(-48).
85
Let k(y) = 2*y**2 - 39*y + 31. Calculate k(15).
-104
Let u(j) = 12*j**2 + 188*j - 74. What is u(-16)?
-10
Let l(b) = b**3 + 32*b**2 - 670*b + 1647. Determine l(-47).
2
Let p(a) = -a**3 + 25*a**2 + 28*a + 192. Calculate p(26).
244
Let k(a) = 957*a**2 - 5742*a - 13. Determine k(6).
-13
Let u(s) = 28*s**2 - 3*s - 22. What is u(-3)?
239
Let p(m) = 76*m**3 + 3*m**2 - 1. Determine p(1).
78
Let u(l) = 2626*l + 39372. Calculate u(-15).
-18
Let i(t) = -t**3 - 28*t**2 + 30*t + 63. Calculate i(-29).
34
Let p(d) = 4*d**3 - 16*d**2 + 15*d + 1. Calculate p(3).
10
Let o(x) = -x**3 + 10*x**2 - 17*x - 17. Give o(8).
-25
Let m(z) = 109*z + 236. Determine m(-9).
-745
Let d(b) = 188*b + 1692. Give d(-9).
0
Let l(u) = u**3 - 3*u**2 - 5*u + 18. Determine l(3).
3
Let p(h) = h**2 - 121*h - 9420. Give p(175).
30
Let v(o) = 42*o + 125. What is v(-3)?
-1
Let w(q) = -5*q**2 - 51*q + 890. Determine w(13).
-618
Let h(k) = -k**2 + 69*k + 56. Determine h(0).
56
Let p(n) = -113*n - 36. What is p(4)?
-488
Let r(o) = 107*o**2 - 2248*o + 24. What is r(21)?
3
Let u(o) = 6469*o - 51766. Give u(8).
-14
Let x(t) = 2*t**2 + 140*t - 84. Calculate x(-71).
58
Let w(j) = -j**3 + 33*j**2 - 20*j - 47. Calculate w(32).
337
Let c(p) = -10*p**2 - 492*p - 98. Determine c(-49).
0
Let l(s) = -558*s - 2242. Calculate l(-4).
-10
Let u(j) = j**3 - 17*j**2 + 117. Determine u(17).
117
Let q(y) = y**3 + 112*y**2 + 118*y + 744. Give q(-111).
-33
Let f(l) = -6*l**2 + 201*l - 115. Give f(33).
-16
Let i(g) = -g**3 + 27*g**2 + 4*g - 33. Determine i(27).
75
Let o(y) = 79*y**2 + 2*y - 2. What is o(-1)?
75
Let r(v) = -2*v**3 - 31*v**2 + 76*v + 450. Calculate r(-17).
25
Let p(g) = 68*g + 4673. Calculate p(-70).
-87
Let l(g) = g**3 - 14*g**2 + 135*g - 1624. Calculate l(13).
-38
Let t(x) = x**3 + 29*x**2 + 173*x - 17. Calculate t(-20).
123
Let o(p) = 2*p**3 - 43*p**2 + 24*p + 14. What is o(21)?
77
Let z(f) = f**2 - 312*f - 945. What is z(-3)?
0
Let d(z) = z**2 + 43*z - 463. What is d(-52)?
5
Let t(o) = -o**2 + 33*o - 182. What is t(14)?
84
Let d(u) = -u**3 - 202*u**2 - 601*u - 790. Calculate d(-199).
6
Let n(m) = -137*m + 821. Calculate n(6).
-1
Let l(t) = -t**3 - 30*t**2 + 24*t + 687. Give l(-30).
-33
Let a(k) = -110*k - 515. Give a(-6).
145
Let n(y) = -y**3 - 7*y**2 + 12*y + 48. Determine n(-5).
-62
Let c(n) = 6*n**3 + 46*n**2 + 6*n + 1. Determine c(-8).
-175
Let w(n) = 4*n**2 + 148*n + 157. What is w(-40)?
637
Let z(x) = -2*x**3 + 3*x**2 + 4*x + 12. Calculate z(-3).
81
Let g(d) = -3*d**3 + 14*d**2 + 5*d - 24. Give g(6).
-138
Let f(n) = n**3 + 25*n**2 + 62*n + 8. What is f(-22)?
96
Let w(j) = 181*j + 99. What is w(-2)?
-263
Let f(q) = 131*q + 1437. Determine f(-11).
-4
Let u(g) = -2*g**2 - 102*g - 209. Determine u(-2).
-13
Let x(j) = j**3 + 8*j**2 + 6*j + 99. What is x(-9)?
-36
Let h(r) = -r**3 + 46*r**2 - 8*r + 371. Calculate h(46).
3
Let w(g) = g**2 - 30*g + 300. Give w(28).
244
Let u(p) = -p**3 - 73*p**2 - 993*p - 165. Give u(-55).
0
Let j(c) = -c**3 + 12*c**2 + 22*c - 132. Calculate j(13).
-15
Let x(n) = 4839*n + 29020. Determine x(-6).
-14
Let w(q) = 128*q - 1667. What is w(13)?
-3
Let b(u) = -16*u**3 + 81*u**2 - 5*u + 5. Determine b(5).
5
Let x(d) = -24*d**2 - 652*d + 2. Give x(-27).
110
Let u(s) = -s**3 + 23*s**2 - 2*s + 30. What is u(23)?
-16
Let b(n) = -44*n - 225. Give b(-12).
303
Let u(l) = -12*l + 78. Determine u(5).
18
Let u(w) = -326*w - 4901. What is u(-15)?
-11
Let q(x) = -x**3 - 20*x**2 + 93*x + 10. What is q(4)?
-2
Let q(b) = -22*b - 1281. What is q(-59)?
17
Let l(x) = 3*x**2 - 27*x - 66. Give l(-3).
42
Let d(y) = 191*y - 3496. Determine d(18).
-58
Let z(o) = -o**3 + 100*o - 459. Determine z(6).
-75
Let f(d) = 64*d + 9. Calculate f(-1).
-55
Let m(g) = 7*g + 60. Give m(22).
214
Let p(w) = -153*w - 2741. Determine p(-18).
13
Let a(k) = 40*k + 2612. What is a(-65)?
12
Let w(r) = -16*r**2 + 430*r + 19. Calculate w(27).
-35
Let i(z) = 36*z**2 + 116*z - 1. Determine i(-3).
-25
Let d(s) = -2*s**2 + 2*s + 35. What is d(7)?
-49
Let f(m) = m**3 + 13*m**2 - 14*m - 19. Calculate f(-13).
163
Let n(l) = 3*l**3 + 13*l**2 - 4*l - 1. What is n(4)?
383
Let i(b) = 2*b**3 + 2*b**2 - 4*b + 160. Determine i(0).
160
Let n(k) = 190*k + 8556. Calculate n(-45).
6
Let m(j) = 5*j**3 - j**2 - 10*j - 17. Calculate m(-2).
-41
Let f(k) = -20*k**3 + 2*k**2 - 7*k + 6. Calculate f(1).
-19
Let w(c) = -3*c**2 + 6*c - 20. What is w(7)?
-125
Let i(w) = 6*w**2 - 34*w - 172. Give i(-4).
60
Let d(p) = 279*p + 829. What is d(-3)?
-8
Let q(s) = s**2 + 3*s. Calculate q(-7).
28
Let h(b) = 3*b**3 - 100*b**2 + 30*b + 80. Calculate h(33).
-19
Let f(m) = 225*m + 3617. Give f(-16).
17
Let g(n) = n**3 + 8*n**2 - 3*n - 23. Give g(-9).
-77
Let d(n) = -621*n + 5593. Determine d(9).
4
Let k(y) = 53*y - 53. Give k(1).
0
Let k(l) = 23*l + 833. Calculate k(-28).
189
Let k(c) = 1737*c + 1870. Determine k(-1).
133
Let y(k) = -25*k**2 + 2*k + 8. Give y(2).
-88
Let q(y) = -74*y + 1222. Determine q(17).
-36
Let l(k) = -193*k + 29328. Calculate l(152).
-8
Let z(p) = -5*p**2 - 119*p - 93. Determine z(-28).
-681
Let g(k) = -k**3 + 21*k**2 - 115*k + 99. Calculate g(8).
11
Let u(x) = -8*x**2 + 301*x - 6. What is u(37)?
179
Let g(o) = 22*o - 865. What is g(39)?
-7
Let w(t) = -33*t - 138. Calculate w(-7).
93
Let p(y) = -256*y**2 - 258*y - 1. Calculate p(-1).
1
Let t(k) = 10*k**2 + 189*k - 28. Determine t(-19).
-9
Let z(w) = 53*w + 269. Determine z(-5).
4
Let r(f) = -f**3 - 198*f**2 - 5310*f + 50. Give r(-32).
-14
Let y(v) = -5*v**3 - 152*v**2 - 61*v - 41. What is y(-30)?
-11
Let w(i) = -15*i**2 - i - 29. Give w(0).
-29
Let t(h) = -2929*h - 8737. Give t(-3).
50
Let c(n) = -4*n**2 + 101*n + 741. Give c(-6).
-9
Let a(b) = -13*b + 178. Calculate a(15).
-17
Let j(w) = 2*w**3 - 16*w**2 - 4*w - 17. Calculate j(7).
-143
Let q(k) = k**3 - 11*k**2 + 144*k - 1805. Determine q(12).
67
Let d(n) = -23*n**2 + 186*n - 11. Calculate d(8).
5
Let m(g) = 5*g**3 - g**2 - 67*g - 127. Calculate m(-2).
-37
Let c(y) = -123*y - 10197. What is c(-83)?
12
Let j(p) = -p + 31. Calculate j(19).
12
Let z(d) = -d**3 - 46*d**2 - 102*d - 626. Determine z(-44).
-10
Let q(d) = -47*d**2 - 93*d + 94. What is q(1)?
-46
Let g(f) = 2*f**3 + 19*f**2 - 19. Calculate g(-9).
62
Let p(i) = i**3 - 47*i**2 + 59*i - 738. Calculate p(46).
-140
Let z(f) = -3*f**3 - 47*f**2 - 158*f - 68. Give z(-4).
4
Let w(d) = d**3 + 7*d**2 + 3*d + 25. Determine w(0).
25
Let k(a) = 3*a**2 + 14*a + 7. Calculate k(-3).
-8
Let y(u) = -1029*u + 6157. Give y(6).
-17
Let w(c) = c**2 + 13*c - 11. Calculate w(-11).
-33
Let r(b) = -b**3 + 29*b**2 - 4*b + 114. What is r(29)?
-2
Let m(f) = -121*f - 839. What is m(-7)?
8
Let r(a) = -6*a**3 - 114*a**2 - 150*a - 2844. Determine r(-19).
6
Let j(x) =